)*235?
5, 47
Let s = 159 + -92. Let a = s + -60. List the prime factors of a.
7
Suppose -11*i = -14*i - 18. Let m = i + 38. List the prime factors of m.
2
Let g(q) = 4 + 8 - 5 + 2*q. Suppose o - 31 = -23. What are the prime factors of g(o)?
23
Suppose -4*p = 2*u - 218, -1 + 7 = -2*u. Suppose 0 = 3*x - 43 - p. List the prime factors of x.
3, 11
Let i(b) = 5*b - 21. Let z be i(5). Suppose z*p = -3*k - 68, k + 0*k + 26 = -2*p. What are the prime factors of ((-57)/(-6))/((-4)/k)?
2, 19
Let t(g) = -11*g + 1. Let a be (-12*1)/4 - 0. Let y be 3/9*2*a. What are the prime factors of t(y)?
23
Let u(y) = -3*y + 11. Let c be u(-13). Let n = -260 + c. What are the prime factors of (12/10)/((-9)/n)?
2, 7
Let h(u) = 4*u + 10. Let n be h(-2). Let i(o) = 11*o + 13. What are the prime factors of i(n)?
5, 7
Let d = 2 - -2. Suppose 0 = i - 2*w - 5, -i = d*w + 5 + 8. What are the prime factors of (3 - 1)*i*-1?
2
Suppose 2*j + 40 = 4*j. Suppose 2*p = -2 - 190. What are the prime factors of 8/j + p/(-10)?
2, 5
Suppose 184 = 3*r + 2*r - 3*s, 5*r = -4*s + 163. Suppose -165 = -4*k - 5*l, 2*k = -l + 52 + r. List the prime factors of k.
3, 5
Let p be -6 + -1 - (-5 + (9 - 8)). What are the prime factors of ((-2)/(-6))/(p/(-531))?
59
Suppose 2*w = 2*f - 688, 3*w + 2*w + 324 = f. Let x = -203 + f. List the prime factors of x.
2, 73
Let d = -1546 - -1551. Let x(m) = m + 7. Let w be x(5). Suppose w = -3*y + 6*y, 159 = d*j - 4*y. List the prime factors of j.
5, 7
Let j = -1 + 3. Let t be (-1 - j) + 0 + 5. What are the prime factors of (-25)/t*(-20)/25?
2, 5
Let q be ((-114)/(-8))/((-4)/(-32)). Suppose -4*u = -q - 42. Suppose 3*h - 27 = u. What are the prime factors of h?
2, 11
Let t = 215 - 213. Let x(v) = 6*v - 3*v - 4 - v + 8*v**2. What are the prime factors of x(t)?
2
Suppose b = -3*o + 611, -197 = -o - 0*b + b. Suppose -o = -5*n - 4*i, 12 = 4*i - 0. List the prime factors of n.
2, 19
Let s(k) = 2*k**2 - 15*k - 8. Let v be s(8). Suppose v = 3*g - 7*g + 1164. Suppose 3*b = -5*w + g, w - 2*b - 3*b = 47. What are the prime factors of w?
3, 19
Let z(l) = 7*l**2 + 2*l - 4. What are the prime factors of z(8)?
2, 5, 23
Suppose 6*x - 2339 - 4321 = 0. What are the prime factors of x?
2, 3, 5, 37
Let m be 8/44 - (-966)/11. Let c = 88 + -139. Let q = m + c. What are the prime factors of q?
37
Suppose 65*t - 2470 = 63*t. List the prime factors of t.
5, 13, 19
Suppose 4*b - 3*c = 8137, -2*b + 3*c = b - 6102. What are the prime factors of b?
5, 11, 37
Let d be ((8/(-12))/(-2))/((-1)/(-9)). Suppose 0 = 5*a - d*t - 447, 4*a = a + 3*t + 267. What are the prime factors of a?
2, 3, 5
List the prime factors of (8/6)/((-27)/(-8100)).
2, 5
Let q(l) = -l**3 + 13*l**2 - 6*l + 19. Suppose 0 = 23*f - 20*f - 30. List the prime factors of q(f).
7, 37
Let i(l) be the third derivative of l**5/15 + l**4/12 - 5*l**3/6 - 24*l**2. What are the prime factors of i(7)?
5, 41
Let s = 14 - 11. Suppose 3*l - 18 = -s*l. Suppose -f - l*o = -22, -2*f + 16 = 2*o - 28. What are the prime factors of f?
2, 11
Let o be 16/(20/(-5))*-6. Suppose 856 = -16*i + o*i. What are the prime factors of i?
107
Let t = 1813 + -1327. List the prime factors of t.
2, 3
Suppose -c - 3*c = 0. Suppose 3*m - 5*a + 20 = 0, c = -5*m - a + 3*a - 8. Suppose 0*v + v = 1, m = 3*x - 4*v - 128. List the prime factors of x.
2, 11
Suppose 4*m - 2*w = 2*m, 16 = 3*m + 5*w. Suppose 5 = -m*y + 79. List the prime factors of y.
37
Let m be (-1)/(-5) - 182/35. What are the prime factors of (6*m/(-20))/((-1)/(-48))?
2, 3
Let f be 4/(-9)*9/(-6)*3. Suppose -f*h - 729 = -3*y, -5*h - 6 = -2*y + 491. List the prime factors of y.
241
List the prime factors of 1579 - (-5)/3*198/110.
2, 7, 113
Let i(q) = 7*q**3 - 2*q**2 - 8*q + 20. What are the prime factors of i(3)?
167
Let w be 0 + 3 + 1 - 2. Suppose -2*k + 3 = k + 4*f, w*f + 31 = 5*k. Suppose r - 29 = 4*m, 3*r = -r + k*m + 83. List the prime factors of r.
17
Let x(v) = v**2 + 9*v + 2. Let f be x(-8). List the prime factors of (68 + -6)/(0 - f/15).
5, 31
Suppose -5*p = 5*h - 2*h - 1032, 4*p - 3*h = 804. Suppose 0*m - p = -4*m. What are the prime factors of m?
3, 17
Suppose -2*d + 11764 = 4*c, -d + 5874 = 26*c - 28*c. What are the prime factors of d?
2, 2939
What are the prime factors of (29/((-116)/(-36048)))/2?
2, 3, 751
Let r be (-6 - -4)/(4/(-318)). Let n = -76 + r. What are the prime factors of n?
83
Suppose -4*m = -0*m + 16. Let a = 7 + m. Suppose 4*b - 53 = -5*u + 41, a*u = -b + 27. List the prime factors of b.
3, 7
Suppose 0 = -7*t + 97 + 568. Suppose -3*q + 272 = t. List the prime factors of q.
59
Let w be (2 - (4 + -2))/(-1). Suppose w = -5*f + 294 - 9. What are the prime factors of f?
3, 19
Suppose 2*k - 9*k = -3143. List the prime factors of k.
449
List the prime factors of 15574/6 + 4 + (-7)/(-21).
2, 5, 13
Let a(g) be the third derivative of -g**6/120 - g**5/15 - g**4/6 - 5*g**3/6 - 3*g**2. Let r be a(-5). Suppose 4 = 4*v - r. List the prime factors of v.
11
Let l be 90/(-1)*90/(-135). Let g(j) = 5*j - 1. Let o be g(1). Let f = l + o. List the prime factors of f.
2
Let b(s) = s**2 + 6*s - 2. Let c be b(-3). Let j(l) = 0*l**3 + 8*l + 12*l**2 - 36 + 27 + l**3. What are the prime factors of j(c)?
2, 3
Suppose 4 = -3*y + 2*k - 5, -3 = y - 4*k. List the prime factors of (-351)/(-12) + y/12.
29
Suppose 41*c - 106 = 181. List the prime factors of c.
7
List the prime factors of 463 - (3 - (1 - -5)).
2, 233
Suppose -l + 3 = k, 4*k - 1 = -l + 2. Suppose -62 = -l*x - v + 18, 70 = 2*x + 4*v. Let w = x - 15. List the prime factors of w.
2, 5
Suppose 0 = -16*q - 20*q + 21744. What are the prime factors of q?
2, 151
Let v be (-2)/(-5) - (-3090)/25. Suppose -7*w + 446 = v. List the prime factors of w.
2, 23
Let l(y) be the second derivative of 3*y**4/4 - 2*y**3/3 + 2*y**2 - 8*y. Let j(c) be the first derivative of l(c). List the prime factors of j(2).
2
Let a(h) be the third derivative of -h**6/120 + 3*h**5/20 - 13*h**4/24 + h**3/6 + 10*h**2. Let b be a(6). Let k = b - 28. List the prime factors of k.
3
Let n(r) = -16 - 10 + r**3 + 6*r + 7*r**2 + 22. Let f be n(-5). What are the prime factors of f - -2*(-4)/(-8)?
17
Let q(o) = -15*o - 4. Let t be q(4). Let y = t + 121. Suppose -5*w + 4*w + y = 0. What are the prime factors of w?
3, 19
Suppose -2*z + 2*v = -2*v - 602, -871 = -3*z - 2*v. What are the prime factors of z?
293
Let r(i) be the second derivative of 3*i**3/2 + 10*i - 2. Let n be 0 + (1/1 - 0). What are the prime factors of r(n)?
3
Let y = 1378 - 988. What are the prime factors of y?
2, 3, 5, 13
Suppose 261 = 23*a - 6800. What are the prime factors of a?
307
Let d = -40 - -69. Suppose -3*h + 251 = d. List the prime factors of h/(-3)*(-9)/6.
37
Suppose -l - 1825 = -6*l. Suppose -4*h + 65 = l. What are the prime factors of 45/h - (-18)/5?
3
Suppose -3*y - 2*y = -5*s + 6265, -4*s + 5024 = 2*y. What are the prime factors of s?
5, 251
Let i(r) = 13*r**2 - 2*r + 8. Let m be i(4). Suppose 2*c = m + 130. List the prime factors of c.
13
Let z = -147 - -438. List the prime factors of z.
3, 97
Let z(p) = 2*p**3 + 12*p**2 - p + 11. Let g(a) = -a**3 - 6*a**2 + a - 6. Let t(f) = 5*g(f) + 3*z(f). Let r = 76 - 80. What are the prime factors of t(r)?
3
Let h(l) be the third derivative of l**5/60 + l**4/6 - 35*l**3/6 - 16*l**2. What are the prime factors of h(-15)?
2, 5, 13
Suppose -z + 3*v + 768 = 0, z + 8*v = 7*v + 752. List the prime factors of z.
2, 3, 7
Let z = 144 + -139. Suppose 0 = 4*x - z*x + y + 228, 5*x = -3*y + 1180. List the prime factors of x.
233
Let k(o) = o**3 + 6*o**2 - 5. Let z be k(-4). Let t = 42 - z. List the prime factors of t.
3, 5
What are the prime factors of 28/35*-5 - -1145?
7, 163
Let x = -43 - -49. Let l(n) = -2*n**2 - 4 + 0*n**2 + 3*n**2. What are the prime factors of l(x)?
2
Let l be (3 + 33/(-9))*-3. List the prime factors of l + 0 + (-65)/(-1).
67
Let f(o) = 64*o - 75. What are the prime factors of f(19)?
7, 163
Let d(i) = 2*i**3 + 73*i**2 - 93*i - 47. What are the prime factors of d(-37)?
3, 5
Suppose 4*o = -w + 789, 4*w - 337 = o + 2870. Suppose -4*u + w = 5*u. What are the prime factors of u?
89
Let k(n) = -n**2 + 9*n + 7. Let h be k(8). Suppose -55 - h = 2*t. List the prime factors of (364/t)/((-2)/5).
2, 13
Let y(c) = -c**2 - 6*c + 29. Let a be y(-7). Suppose 26*d - a*d = 88. What ar